{"id":1287,"date":"2022-09-13T14:13:36","date_gmt":"2022-09-13T17:13:36","guid":{"rendered":"https:\/\/imobiliarize.com.br\/teste\/?page_id=1287"},"modified":"2022-09-13T15:38:56","modified_gmt":"2022-09-13T18:38:56","slug":"assessoria","status":"publish","type":"page","link":"https:\/\/imobiliarize.com.br\/teste\/assessoria\/","title":{"rendered":"Assessoria"},"content":{"rendered":"\t\t<div data-elementor-type=\"wp-page\" data-elementor-id=\"1287\" class=\"elementor elementor-1287\">\n\t\t\t\t\t\t\t\t\t<section class=\"elementor-section elementor-top-section elementor-element elementor-element-a1ce00a elementor-section-boxed elementor-section-height-default elementor-section-height-default\" data-id=\"a1ce00a\" data-element_type=\"section\" data-settings=\"{&quot;background_background&quot;:&quot;classic&quot;,&quot;_ha_eqh_enable&quot;:false}\">\n\t\t\t\t\t\t\t<div class=\"elementor-background-overlay\"><\/div>\n\t\t\t\t\t\t\t<div class=\"elementor-container elementor-column-gap-default\">\n\t\t\t\t\t<div class=\"elementor-column elementor-col-100 elementor-top-column elementor-element elementor-element-316e9f1\" data-id=\"316e9f1\" data-element_type=\"column\">\n\t\t\t<div class=\"elementor-widget-wrap elementor-element-populated\">\n\t\t\t\t\t\t\t\t<div class=\"elementor-element elementor-element-82fed98 elementor-widget elementor-widget-spacer\" data-id=\"82fed98\" data-element_type=\"widget\" data-widget_type=\"spacer.default\">\n\t\t\t\t<div class=\"elementor-widget-container\">\n\t\t\t\t\t<div class=\"elementor-spacer\">\n\t\t\t<div class=\"elementor-spacer-inner\"><\/div>\n\t\t<\/div>\n\t\t\t\t<\/div>\n\t\t\t\t<\/div>\n\t\t\t\t<div class=\"elementor-element elementor-element-dc7f25b elementor-widget elementor-widget-page-title\" data-id=\"dc7f25b\" data-element_type=\"widget\" data-settings=\"{&quot;align&quot;:&quot;center&quot;}\" data-widget_type=\"page-title.default\">\n\t\t\t\t<div class=\"elementor-widget-container\">\n\t\t\t\t\t\n\t\t<div class=\"hfe-page-title hfe-page-title-wrapper elementor-widget-heading\">\n\n\t\t\t\t\t\t\t\t\t\t\t<a href=\"https:\/\/imobiliarize.com.br\/teste\">\n\t\t\t\t\t\t<h2 class=\"elementor-heading-title elementor-size-default\">\n\t\t\t\t\t\t\t\t\n\t\t\t\tAssessoria  \n\t\t\t<\/h2 > \n\t\t\t\t\t\t\t\t\t<\/a>\n\t\t\t\t\t<\/div>\n\t\t\t\t<\/div>\n\t\t\t\t<\/div>\n\t\t\t\t<div class=\"elementor-element elementor-element-fd4060e elementor-widget elementor-widget-spacer\" data-id=\"fd4060e\" data-element_type=\"widget\" data-widget_type=\"spacer.default\">\n\t\t\t\t<div class=\"elementor-widget-container\">\n\t\t\t\t\t<div class=\"elementor-spacer\">\n\t\t\t<div class=\"elementor-spacer-inner\"><\/div>\n\t\t<\/div>\n\t\t\t\t<\/div>\n\t\t\t\t<\/div>\n\t\t\t\t\t<\/div>\n\t\t<\/div>\n\t\t\t\t\t\t\t<\/div>\n\t\t<\/section>\n\t\t\t\t<section class=\"elementor-section elementor-top-section elementor-element elementor-element-c4cc040 elementor-section-height-min-height elementor-section-boxed elementor-section-height-default elementor-section-items-middle\" data-id=\"c4cc040\" data-element_type=\"section\" data-settings=\"{&quot;background_background&quot;:&quot;classic&quot;,&quot;_ha_eqh_enable&quot;:false}\">\n\t\t\t\t\t\t\t<div class=\"elementor-background-overlay\"><\/div>\n\t\t\t\t\t\t\t<div class=\"elementor-container elementor-column-gap-default\">\n\t\t\t\t\t<div class=\"elementor-column elementor-col-100 elementor-top-column elementor-element elementor-element-f49e6c7\" data-id=\"f49e6c7\" data-element_type=\"column\">\n\t\t\t<div class=\"elementor-widget-wrap elementor-element-populated\">\n\t\t\t\t\t\t\t\t<div class=\"elementor-element elementor-element-9d1c033 elementor-widget elementor-widget-spacer\" data-id=\"9d1c033\" data-element_type=\"widget\" data-widget_type=\"spacer.default\">\n\t\t\t\t<div class=\"elementor-widget-container\">\n\t\t\t\t\t<div class=\"elementor-spacer\">\n\t\t\t<div class=\"elementor-spacer-inner\"><\/div>\n\t\t<\/div>\n\t\t\t\t<\/div>\n\t\t\t\t<\/div>\n\t\t\t\t<div class=\"elementor-element elementor-element-4ac8804 elementor-widget elementor-widget-text-editor\" data-id=\"4ac8804\" data-element_type=\"widget\" data-widget_type=\"text-editor.default\">\n\t\t\t\t<div class=\"elementor-widget-container\">\n\t\t\t\t\t\t\t<p>Assessoria administrativa<\/p>\t\t\t\t\t\t<\/div>\n\t\t\t\t<\/div>\n\t\t\t\t<div class=\"elementor-element elementor-element-9c86645 elementor-widget elementor-widget-text-editor\" data-id=\"9c86645\" data-element_type=\"widget\" data-widget_type=\"text-editor.default\">\n\t\t\t\t<div class=\"elementor-widget-container\">\n\t\t\t\t\t\t\t<p>A assessoria administrativa \u00e9 uma consultoria focada em auxiliar na gest\u00e3o da rotina de sua empresa, com um profissional especializado que analisa de uma perspectiva diferente e busca organizar o seu neg\u00f3cio de forma eficiente para melhorar os resultados da empresa. As \u00e1reas de atua\u00e7\u00e3o da assessoria administrativa s\u00e3o:\u00a0<br \/>\u2022 An\u00e1lise para identificas os problemas e metodologias j\u00e1 existentes na empresa;<br \/>\u2022 Busca de solu\u00e7\u00f5es;<br \/>\u2022 Planejamento, implanta\u00e7\u00e3o e monitoramento de solu\u00e7\u00f5es;<br \/>\u2022 Foco nos resultados;\u00a0<br \/>\u2022 An\u00e1lise dos quesitos cont\u00e1beis para auxiliar na escolha do regime tribut\u00e1rio;<br \/>\u2022 Redu\u00e7\u00e3o de custos operacionais;<br \/>\u2022 Otimiza\u00e7\u00e3o de or\u00e7amentos, processos, log\u00edstica e rotinas.\u00a0<\/p>\t\t\t\t\t\t<\/div>\n\t\t\t\t<\/div>\n\t\t\t\t<div class=\"elementor-element elementor-element-96e7491 elementor-widget elementor-widget-text-editor\" data-id=\"96e7491\" data-element_type=\"widget\" data-widget_type=\"text-editor.default\">\n\t\t\t\t<div class=\"elementor-widget-container\">\n\t\t\t\t\t\t\t<p>Assessoria cont\u00e1bil<\/p>\t\t\t\t\t\t<\/div>\n\t\t\t\t<\/div>\n\t\t\t\t<div class=\"elementor-element elementor-element-2a94661 elementor-widget elementor-widget-text-editor\" data-id=\"2a94661\" data-element_type=\"widget\" data-widget_type=\"text-editor.default\">\n\t\t\t\t<div class=\"elementor-widget-container\">\n\t\t\t\t\t\t\t<p style=\"font-variant-ligatures: normal; font-variant-caps: normal; font-family: Roboto, sans-serif; font-size: 14px; font-style: normal; font-weight: 400; text-align: justify;\">A Assessoria cont\u00e1bil diz respeito aos servi\u00e7os prestados para o cumprimento das obriga\u00e7\u00f5es tribut\u00e1rias e fiscais. A fun\u00e7\u00e3o desse tipo de assessoria \u00e9 servir de suporte para a manuten\u00e7\u00e3o e expans\u00e3o das atividades da empresa ajudando no controle e planejamento. As fun\u00e7\u00f5es da assessoria cont\u00e1bil s\u00e3o:<br \/>\u2022 Gest\u00e3o financeira;<br \/>\u2022 Planejamento tribut\u00e1rio;<br \/>\u2022 Rotinas trabalhistas;<br \/>\u2022 Expediente e reparti\u00e7\u00f5es;<br \/>\u2022 Fus\u00e3o, cis\u00e3o e incorpora\u00e7\u00e3o de sociedades;<br \/>\u2022 Encerramento de empresas e sociedades;<br \/>\u2022 Parcelamento de impostos municipais, federais e estaduais;<br \/>\u2022 Certid\u00f5es de impostos &#8211; INSS e FGTS;<br \/>\u2022 Regulariza\u00e7\u00e3o de empresas e sociedades;<br \/>\u2022 Escritura\u00e7\u00e3o cont\u00e1bil.\u00a0<br \/>\u2022 Processamento de folha de pagamento;<br \/>\u2022 Controle de f\u00e9rias e diss\u00eddios coletivos;<br \/>\u2022 Apura\u00e7\u00e3o de encargos;<br \/>\u2022 Consultoria em contabilidade de custos.\u00a0<\/p>\t\t\t\t\t\t<\/div>\n\t\t\t\t<\/div>\n\t\t\t\t<div class=\"elementor-element elementor-element-6febbb2 elementor-widget elementor-widget-text-editor\" data-id=\"6febbb2\" data-element_type=\"widget\" data-widget_type=\"text-editor.default\">\n\t\t\t\t<div class=\"elementor-widget-container\">\n\t\t\t\t\t\t\t<p>Assessoria empresarial remota<\/p>\t\t\t\t\t\t<\/div>\n\t\t\t\t<\/div>\n\t\t\t\t<div class=\"elementor-element elementor-element-de72c71 elementor-widget elementor-widget-text-editor\" data-id=\"de72c71\" data-element_type=\"widget\" data-widget_type=\"text-editor.default\">\n\t\t\t\t<div class=\"elementor-widget-container\">\n\t\t\t\t\t\t\t<p>Presta\u00e7\u00e3o de servi\u00e7os de aconselhamento e consultoria para o desenvolvimento dos projetos empresariais e para as tomadas de decis\u00f5es. As fun\u00e7\u00f5es desse tipo de assessoria s\u00e3o:<br \/>\u2022 Aconselhamento para a resolu\u00e7\u00e3o de problemas e tomada de decis\u00f5es;<br \/>\u2022 Elabora\u00e7\u00e3o de plano de neg\u00f3cios;<br \/>\u2022 Capacita\u00e7\u00e3o;<br \/>\u2022 Ajuda na estrutura\u00e7\u00e3o de empresas nascentes.\u00a0<\/p>\t\t\t\t\t\t<\/div>\n\t\t\t\t<\/div>\n\t\t\t\t<div class=\"elementor-element elementor-element-4cfb954 elementor-widget elementor-widget-text-editor\" data-id=\"4cfb954\" data-element_type=\"widget\" data-widget_type=\"text-editor.default\">\n\t\t\t\t<div class=\"elementor-widget-container\">\n\t\t\t\t\t\t\t<p>Assessoria imobili\u00e1ria<\/p>\t\t\t\t\t\t<\/div>\n\t\t\t\t<\/div>\n\t\t\t\t<div class=\"elementor-element elementor-element-040b693 elementor-widget elementor-widget-text-editor\" data-id=\"040b693\" data-element_type=\"widget\" data-widget_type=\"text-editor.default\">\n\t\t\t\t<div class=\"elementor-widget-container\">\n\t\t\t\t\t\t\t<p>A assessoria imobili\u00e1ria tem grande import\u00e2ncia para a compra, venda e loca\u00e7\u00e3o de im\u00f3veis, pois facilita todos os problemas burocr\u00e1ticos surgem nesse processo. As fun\u00e7\u00f5es que essa assessoria se disp\u00f5e s\u00e3o:\u00a0<br \/>\u2022 Facilita o processo de financiamento;\u00a0<br \/>\u2022 Vistoria;<br \/>\u2022 Avalia\u00e7\u00e3o de inquilinos ou locat\u00e1rios;<br \/>\u2022 Invent\u00e1rio;<br \/>\u2022 Verifica\u00e7\u00e3o de documentos;<br \/>\u2022 Aconselhamento t\u00e9cnico.\u00a0<\/p>\t\t\t\t\t\t<\/div>\n\t\t\t\t<\/div>\n\t\t\t\t<div class=\"elementor-element elementor-element-b793479 elementor-widget elementor-widget-text-editor\" data-id=\"b793479\" data-element_type=\"widget\" data-widget_type=\"text-editor.default\">\n\t\t\t\t<div class=\"elementor-widget-container\">\n\t\t\t\t\t\t\t<p>Assessoria sindical<\/p>\t\t\t\t\t\t<\/div>\n\t\t\t\t<\/div>\n\t\t\t\t<div class=\"elementor-element elementor-element-53d1152 elementor-widget elementor-widget-text-editor\" data-id=\"53d1152\" data-element_type=\"widget\" data-widget_type=\"text-editor.default\">\n\t\t\t\t<div class=\"elementor-widget-container\">\n\t\t\t\t\t\t\t<p><span style=\"font-family: Roboto, sans-serif; font-size: 14px; font-style: normal; font-variant-ligatures: normal; font-variant-caps: normal; font-weight: 400; text-align: justify; color: var( --e-global-color-f3f434a );\">A assessoria sindical se caracteriza por direcionar estrat\u00e9gias para solucionar diversos problemas trabalhistas dentro de uma empresa, pautando o trabalho na legisla\u00e7\u00e3o vigente, identificando as melhores solu\u00e7\u00f5es para atender aos interesses do cliente e garantir o cumprimento dos seus direitos.&nbsp;<br>\u2022 Atendimento aos sindicatos orientando sobre o enquadramento sindical;<br>\u2022 Orienta\u00e7\u00e3o, coordena\u00e7\u00e3o e an\u00e1lise de processos eleitorais e funda\u00e7\u00e3o de sindicatos;<br>\u2022 Orienta\u00e7\u00e3o sobre direitos e deveres trabalhistas, auxiliando na correta interpreta\u00e7\u00e3o da lei;<br>\u2022 Esclarecimento de d\u00favidas, a fim de prevenir conflitos no ambiente de trabalho.&nbsp;<br><\/span><\/p><h2 style=\"margin-top: 24px; margin-bottom: 5px; font-family: Merriweather; line-height: 26px; color: rgb(33, 37, 41); font-size: 18px; font-style: normal; font-variant-ligatures: normal; font-variant-caps: normal;\"><ul style=\"text-rendering: optimizelegibility; -webkit-font-smoothing: antialiased; margin-top: 0px; margin-bottom: 0px; margin-left: 0px; padding-left: 20px; font-style: normal; font-variant-ligatures: normal; font-variant-caps: normal; font-weight: 400; font-size: 10px; font-family: Ubuntu, sans-serif; list-style: circle; color: rgb(0, 0, 0);\">\n<\/ul>\n<\/h2>\t\t\t\t\t\t<\/div>\n\t\t\t\t<\/div>\n\t\t\t\t\t<\/div>\n\t\t<\/div>\n\t\t\t\t\t\t\t<\/div>\n\t\t<\/section>\n\t\t\t\t\t\t\t<\/div>\n\t\t","protected":false},"excerpt":{"rendered":"<p>Assessoria Assessoria administrativa A assessoria administrativa \u00e9 uma consultoria focada em auxiliar na gest\u00e3o da rotina de sua empresa, com um profissional especializado que analisa de uma perspectiva diferente e busca organizar o seu neg\u00f3cio de forma eficiente para melhorar os resultados da empresa. As \u00e1reas de atua\u00e7\u00e3o da assessoria administrativa s\u00e3o:\u00a0\u2022 An\u00e1lise para identificas [&hellip;]<\/p>\n","protected":false},"author":1,"featured_media":0,"parent":0,"menu_order":0,"comment_status":"closed","ping_status":"closed","template":"elementor_header_footer","meta":{"_bbp_topic_count":0,"_bbp_reply_count":0,"_bbp_total_topic_count":0,"_bbp_total_reply_count":0,"_bbp_voice_count":0,"_bbp_anonymous_reply_count":0,"_bbp_topic_count_hidden":0,"_bbp_reply_count_hidden":0,"_bbp_forum_subforum_count":0},"aioseo_notices":[],"_links":{"self":[{"href":"https:\/\/imobiliarize.com.br\/teste\/wp-json\/wp\/v2\/pages\/1287"}],"collection":[{"href":"https:\/\/imobiliarize.com.br\/teste\/wp-json\/wp\/v2\/pages"}],"about":[{"href":"https:\/\/imobiliarize.com.br\/teste\/wp-json\/wp\/v2\/types\/page"}],"author":[{"embeddable":true,"href":"https:\/\/imobiliarize.com.br\/teste\/wp-json\/wp\/v2\/users\/1"}],"replies":[{"embeddable":true,"href":"https:\/\/imobiliarize.com.br\/teste\/wp-json\/wp\/v2\/comments?post=1287"}],"version-history":[{"count":4,"href":"https:\/\/imobiliarize.com.br\/teste\/wp-json\/wp\/v2\/pages\/1287\/revisions"}],"predecessor-version":[{"id":1291,"href":"https:\/\/imobiliarize.com.br\/teste\/wp-json\/wp\/v2\/pages\/1287\/revisions\/1291"}],"wp:attachment":[{"href":"https:\/\/imobiliarize.com.br\/teste\/wp-json\/wp\/v2\/media?parent=1287"}],"curies":[{"name":"wp","href":"https:\/\/api.w.org\/{rel}","templated":true}]}}